{"id":111,"date":"2024-08-23T12:05:07","date_gmt":"2024-08-23T10:05:07","guid":{"rendered":"https:\/\/golysz.pan.pl\/?page_id=111"},"modified":"2024-08-30T13:31:12","modified_gmt":"2024-08-30T11:31:12","slug":"111-2","status":"publish","type":"page","link":"https:\/\/golysz.pan.pl\/?page_id=111","title":{"rendered":"Polityka prywatno\u015bci"},"content":{"rendered":"\n    \n    <section class=\"u-clearfix u-section-2\" id=\"sec-33ab\">\n      <div class=\"u-clearfix u-sheet u-sheet-1\">\n        <div class=\"custom-expanded u-align-center u-list u-list-1\">\n          <div class=\"u-repeater u-repeater-1\">\n            <div class=\"u-container-align-center u-container-style u-list-item u-palette-1-dark-1 u-radius u-repeater-item u-shape-round u-list-item-1\" data-animation-name=\"customAnimationIn\" data-animation-duration=\"1000\" data-animation-delay=\"0\" data-animation-out=\"0\">\n              <div class=\"u-container-layout u-similar-container u-container-layout-1\">\n                <p class=\"u-align-center u-custom-font u-heading-font u-text u-text-1\">Polityka prywatno\u015bci<\/p>\n              <\/div>\n            <\/div>\n          <\/div>\n        <\/div>\n        <p class=\"u-align-center u-text u-text-default u-text-2\"> Niniejsza Polityka Prywatno\u015bci okre\u015bla zasady przetwarzania\ni ochrony danych osobowych przekazanych przez U\u017cytkownik\u00f3w w zwi\u0105zku z\nkorzystaniem przez nich z us\u0142ug naszej strony internetowej (<span style=\"font-weight: 700;\">golysz.pan.pl<\/span>)<br>\n          <br><b style=\"\">1. Administrator Danych Osobowych<\/b>\n          <br>Administratorem danych osobowych U\u017cytkownik\u00f3w jest Polska Akademia Nauk,<br>Pl. Defilad 1, 00-901 Warszawa, NIP: 525-15-75-083.<br>\n          <br><b>2. Zakres zbieranych danych<\/b>\n          <br>Zbieramy nast\u0119puj\u0105ce dane osobowe U\u017cytkownik\u00f3w: <br>Imi\u0119\n     i nazwisko,<br> Adres\n     e-mail,<br> Numer\n     telefonu,<br> Adres\n     IP,<br> Dane\n     o lokalizacji,<br> Dane\n     zwi\u0105zane z przegl\u0105daniem strony internetowej (pliki cookies).<br>\n          <br><b>3. Cel przetwarzania danych<\/b>\n          <br>Dane osobowe U\u017cytkownik\u00f3w przetwarzane s\u0105 w nast\u0119puj\u0105cych\ncelach:<br>\u015awiadczenie\n     us\u0142ug dost\u0119pnych za po\u015brednictwem strony internetowej,<br> Kontakt\n     z U\u017cytkownikiem (np. odpowied\u017a na zapytanie),<br> Przesy\u0142anie\n     informacji handlowych i marketingowych (newsletter),<br> Prowadzenie\n     statystyk i analiz w celu ulepszania funkcjonalno\u015bci strony,<br> Zapewnienie\n     bezpiecze\u0144stwa i prawid\u0142owego funkcjonowania strony internetowej.<br><b>\n            <br>4. Podstawa prawna przetwarzania danych<\/b>\n          <br>Dane osobowe przetwarzane s\u0105 zgodnie z przepisami RODO na\npodstawie:<br>Zgody\n     U\u017cytkownika (art. 6 ust. 1 lit. a RODO),<br> Niezb\u0119dno\u015bci\n     do wykonania umowy (art. 6 ust. 1 lit. b RODO),<br> Niezb\u0119dno\u015bci\n     do wype\u0142nienia obowi\u0105zku prawnego (art. 6 ust. 1 lit. c RODO),<br> Uzasadnionego\n     interesu Administratora (art. 6 ust. 1 lit. f RODO).<br>\n          <br><b>5. Przekazywanie danych<\/b>\n          <br>Dane osobowe U\u017cytkownik\u00f3w mog\u0105 by\u0107 przekazywane nast\u0119puj\u0105cym\nodbiorcom:<br>Podmiotom\n     \u015bwiadcz\u0105cym us\u0142ugi na rzecz Administratora (np. us\u0142ugi hostingowe, obs\u0142uga\n     IT),<br> Organom\n     publicznym uprawnionym do uzyskania danych na podstawie przepis\u00f3w prawa.<br>\n          <br><b>6. Prawa U\u017cytkownik\u00f3w<\/b>\n          <br>U\u017cytkownicy maj\u0105 prawo do:<br>Dost\u0119pu\n     do swoich danych osobowych,<br> Sprostowania,\n     usuni\u0119cia lub ograniczenia przetwarzania danych,<br> Wniesienia\n     sprzeciwu wobec przetwarzania danych,<br> Przenoszenia\n     danych do innego administratora,<br> Cofni\u0119cia\n     zgody na przetwarzanie danych w dowolnym momencie,<br> Wniesienia\n     skargi do organu nadzorczego (Prezes Urz\u0119du Ochrony Danych Osobowych).<br>\n          <br><b>7. Okres przechowywania danych<\/b>\n          <br>Dane osobowe U\u017cytkownik\u00f3w b\u0119d\u0105 przechowywane przez okres\nniezb\u0119dny do realizacji cel\u00f3w, dla kt\u00f3rych zosta\u0142y zebrane, a tak\u017ce przez okres\nwymagany przepisami prawa.<br>\n          <br><b>8. Pliki cookies<\/b>\n          <br>Nasza strona internetowa wykorzystuje pliki cookies w celu\nzapewnienia prawid\u0142owego dzia\u0142ania serwisu oraz dostosowania go do preferencji\nU\u017cytkownik\u00f3w. U\u017cytkownik mo\u017ce zarz\u0105dza\u0107 ustawieniami cookies za pomoc\u0105 ustawie\u0144\nswojej przegl\u0105darki.&nbsp;<br>\n          <br><b>9. Zmiany w Polityce Prywatno\u015bci<\/b>\n          <br>Zastrzegamy sobie prawo do wprowadzania zmian w niniejszej\nPolityce Prywatno\u015bci. O wszelkich zmianach U\u017cytkownicy b\u0119d\u0105 informowani na\nstronie internetowej.<br>\n          <br><b>10. Kontakt<\/b>\n          <br>W razie pyta\u0144 dotycz\u0105cych niniejszej Polityki Prywatno\u015bci\nprosimy o kontakt na adres e-mail: <span style=\"font-weight: 700;\">zigr@golysz.pan.pl<\/span>\n        <\/p>\n      <\/div>\n    <\/section>\n    \n    \n    \n  \n","protected":false},"excerpt":{"rendered":"<p>Polityka prywatno\u015bci Niniejsza Polityka Prywatno\u015bci okre\u015bla zasady przetwarzania i ochrony danych osobowych przekazanych przez U\u017cytkownik\u00f3w w zwi\u0105zku z korzystaniem przez nich z us\u0142ug naszej strony internetowej (golysz.pan.pl) 1. Administrator Danych Osobowych Administratorem danych osobowych U\u017cytkownik\u00f3w jest Polska Akademia Nauk,Pl. Defilad 1, 00-901 Warszawa, NIP: 525-15-75-083. 2. Zakres zbieranych danych Zbieramy nast\u0119puj\u0105ce dane osobowe U\u017cytkownik\u00f3w: Imi\u0119 &hellip; <a href=\"https:\/\/golysz.pan.pl\/?page_id=111\" class=\"more-link\">Continue reading<span class=\"screen-reader-text\"> &#8222;Polityka prywatno\u015bci&#8221;<\/span><\/a><\/p>\n","protected":false},"author":2,"featured_media":0,"parent":0,"menu_order":0,"comment_status":"closed","ping_status":"closed","template":"","meta":{"footnotes":""},"class_list":["post-111","page","type-page","status-publish","hentry"],"_links":{"self":[{"href":"https:\/\/golysz.pan.pl\/index.php?rest_route=\/wp\/v2\/pages\/111","targetHints":{"allow":["GET"]}}],"collection":[{"href":"https:\/\/golysz.pan.pl\/index.php?rest_route=\/wp\/v2\/pages"}],"about":[{"href":"https:\/\/golysz.pan.pl\/index.php?rest_route=\/wp\/v2\/types\/page"}],"author":[{"embeddable":true,"href":"https:\/\/golysz.pan.pl\/index.php?rest_route=\/wp\/v2\/users\/2"}],"replies":[{"embeddable":true,"href":"https:\/\/golysz.pan.pl\/index.php?rest_route=%2Fwp%2Fv2%2Fcomments&post=111"}],"version-history":[{"count":11,"href":"https:\/\/golysz.pan.pl\/index.php?rest_route=\/wp\/v2\/pages\/111\/revisions"}],"predecessor-version":[{"id":166,"href":"https:\/\/golysz.pan.pl\/index.php?rest_route=\/wp\/v2\/pages\/111\/revisions\/166"}],"wp:attachment":[{"href":"https:\/\/golysz.pan.pl\/index.php?rest_route=%2Fwp%2Fv2%2Fmedia&parent=111"}],"curies":[{"name":"wp","href":"https:\/\/api.w.org\/{rel}","templated":true}]}}

Polityka prywatności

<section class="u-clearfix u-section-2" id="sec-33ab">
      <div class="u-clearfix u-sheet u-sheet-1">
        <div class="custom-expanded u-align-center u-list u-list-1">
          <div class="u-repeater u-repeater-1">
            <div class="u-container-align-center u-container-style u-list-item u-palette-1-dark-1 u-radius u-repeater-item u-shape-round u-list-item-1" data-animation-name="customAnimationIn" data-animation-duration="1000" data-animation-delay="0" data-animation-out="0">
              <div class="u-container-layout u-similar-container u-container-layout-1">
                <p class="u-align-center u-custom-font u-heading-font u-text u-text-1">Polityka prywatności</p>
              </div>
            </div>
          </div>
        </div>
        <p class="u-align-center u-text u-text-default u-text-2"> Niniejsza Polityka Prywatności określa zasady przetwarzania
i ochrony danych osobowych przekazanych przez Użytkowników w związku z
korzystaniem przez nich z usług naszej strony internetowej (<span style="font-weight: 700;">golysz.pan.pl</span>)<br>
          <br><b style="">1. Administrator Danych Osobowych</b>
          <br>Administratorem danych osobowych Użytkowników jest Polska Akademia Nauk,<br>Pl. Defilad 1, 00-901 Warszawa, NIP: 525-15-75-083.<br>
          <br><b>2. Zakres zbieranych danych</b>
          <br>Zbieramy następujące dane osobowe Użytkowników: <br>Imię
     i nazwisko,<br> Adres
     e-mail,<br> Numer
     telefonu,<br> Adres
     IP,<br> Dane
     o lokalizacji,<br> Dane
     związane z przeglądaniem strony internetowej (pliki cookies).<br>
          <br><b>3. Cel przetwarzania danych</b>
          <br>Dane osobowe Użytkowników przetwarzane są w następujących
celach:<br>Świadczenie
     usług dostępnych za pośrednictwem strony internetowej,<br> Kontakt
     z Użytkownikiem (np. odpowiedź na zapytanie),<br> Przesyłanie
     informacji handlowych i marketingowych (newsletter),<br> Prowadzenie
     statystyk i analiz w celu ulepszania funkcjonalności strony,<br> Zapewnienie
     bezpieczeństwa i prawidłowego funkcjonowania strony internetowej.<br><b>
            <br>4. Podstawa prawna przetwarzania danych</b>
          <br>Dane osobowe przetwarzane są zgodnie z przepisami RODO na
podstawie:<br>Zgody
     Użytkownika (art. 6 ust. 1 lit. a RODO),<br> Niezbędności
     do wykonania umowy (art. 6 ust. 1 lit. b RODO),<br> Niezbędności
     do wypełnienia obowiązku prawnego (art. 6 ust. 1 lit. c RODO),<br> Uzasadnionego
     interesu Administratora (art. 6 ust. 1 lit. f RODO).<br>
          <br><b>5. Przekazywanie danych</b>
          <br>Dane osobowe Użytkowników mogą być przekazywane następującym
odbiorcom:<br>Podmiotom
     świadczącym usługi na rzecz Administratora (np. usługi hostingowe, obsługa
     IT),<br> Organom
     publicznym uprawnionym do uzyskania danych na podstawie przepisów prawa.<br>
          <br><b>6. Prawa Użytkowników</b>
          <br>Użytkownicy mają prawo do:<br>Dostępu
     do swoich danych osobowych,<br> Sprostowania,
     usunięcia lub ograniczenia przetwarzania danych,<br> Wniesienia
     sprzeciwu wobec przetwarzania danych,<br> Przenoszenia
     danych do innego administratora,<br> Cofnięcia
     zgody na przetwarzanie danych w dowolnym momencie,<br> Wniesienia
     skargi do organu nadzorczego (Prezes Urzędu Ochrony Danych Osobowych).<br>
          <br><b>7. Okres przechowywania danych</b>
          <br>Dane osobowe Użytkowników będą przechowywane przez okres
niezbędny do realizacji celów, dla których zostały zebrane, a także przez okres
wymagany przepisami prawa.<br>
          <br><b>8. Pliki cookies</b>
          <br>Nasza strona internetowa wykorzystuje pliki cookies w celu
zapewnienia prawidłowego działania serwisu oraz dostosowania go do preferencji
Użytkowników. Użytkownik może zarządzać ustawieniami cookies za pomocą ustawień
swojej przeglądarki.&nbsp;<br>
          <br><b>9. Zmiany w Polityce Prywatności</b>
          <br>Zastrzegamy sobie prawo do wprowadzania zmian w niniejszej
Polityce Prywatności. O wszelkich zmianach Użytkownicy będą informowani na
stronie internetowej.<br>
          <br><b>10. Kontakt</b>
          <br>W razie pytań dotyczących niniejszej Polityki Prywatności
prosimy o kontakt na adres e-mail: <span style="font-weight: 700;">zigr@golysz.pan.pl</span>
        </p>
      </div>
    </section>

<p>Polityka prywatności Niniejsza Polityka Prywatności określa zasady przetwarzania i ochrony danych osobowych przekazanych przez Użytkowników w związku z korzystaniem przez nich z usług naszej strony internetowej (golysz.pan.pl) 1. Administrator Danych Osobowych Administratorem danych osobowych Użytkowników jest Polska Akademia Nauk,Pl. Defilad 1, 00-901 Warszawa, NIP: 525-15-75-083. 2. Zakres zbieranych danych Zbieramy następujące dane osobowe Użytkowników: Imię &hellip; <a href="https://golysz.pan.pl/?page_id=111" class="more-link">Continue reading<span class="screen-reader-text"> &#8222;Polityka prywatności&#8221;</span></a></p>
